 - 152)
11
What is the value of (-19 - -14) + 6 - (-2 - 31)?
34
What is -14 - -5 - (-2 - 6)?
-1
What is the value of 7 - -1 - (5 + -2) - (-1 - -5)?
1
What is -7 + 8 + -9 + 5 + 1?
-2
Calculate 8 + (-65 + 74 - (1 + 9)) + -24.
-17
What is the value of -14 - (-9 - 19 - -14)?
0
2 + 13 - (-63 - -61)
17
What is 4 + 0 - (-9 + -1 - -7)?
7
What is the value of 79 + -112 - (-31 - -4)?
-6
(-2 - 0) + -1 - (-93 - -98) - -19
11
What is 0 - ((-5 - -2 - 3) + 3)?
3
Evaluate -36 - (-16 - -12 - (-4 - (0 + -8))).
-28
What is the value of (6917 - 6908) + (-1 + (2 - -1) - 0)?
11
Calculate 17 - (-3 + (51 - 8)).
-23
What is (-6 - 4) + (-44 - -22) - (-4 - -2)?
-30
Calculate 0 + 20 + -42 + 59 + -23.
14
(14 - -27 - 14) + -55
-28
What is -1 - -9 - 11 - (22 + -25)?
0
What is the value of -4 + (18 - (-13 + 12))?
15
What is (-1 - (-5 + 2 - 1)) + -18 + 4?
-11
Calculate 37 - 58 - (3 - (30 + -11)).
-5
Evaluate 0 + (0 - (-13 + 6)).
7
Calculate 4 + 6 + (28 - 17).
21
What is 28 + -5 + -3 + -25?
-5
Calculate (2 - (-20 + 7 - -8)) + -17.
-10
Evaluate -9 - -1 - (1 + -6 - (13 + -30)).
-20
Calculate 33 + (3 - 0) + -9 + 2 - 4.
25
Evaluate (-14 - -1) + -15 + 28 + -4.
-4
What is the value of -6 - ((0 - (-12 - -5)) + (-10 - 4))?
1
Evaluate (14 - -1) + (-41 - -27).
1
Calculate (5 - -7) + -7 + 0 - (8 - 6).
3
2 + (-11 - -7) + (9 - 1) - 3
3
What is -11 - (-10 + 11 - 7)?
-5
What is the value of -12 - -14 - (-2 - (-3 - -1))?
2
19 - (0 + -8 + 4 + 4) - 1
18
Calculate 9 + 9 - (2 - -1).
15
What is the value of (54 - 62 - (1 + 2)) + 14?
3
Evaluate 3 + 5 + (3 - (19 + -9)) + -7.
-6
Evaluate -110 + 125 + -2 + -11.
2
Calculate -66 + 88 - (14 - -1).
7
What is -2835 + 2881 - (9 - 0)?
37
Evaluate -5 + (4 - ((9 - 4) + 3)) + -14.
-23
What is 2 + (4 - 19) + 11?
-2
(12 - 26) + 21 + -6
1
Calculate (1 - -8) + -22 - (8 + -2 + -11).
-8
What is the value of 4 - (-3 - (-1 - (5 - 5)) - -3)?
3
What is 10 + (14 - 15 - (-1 + -5))?
15
Evaluate 1 + 3 + (-5 + (13 - 4) - 2).
6
What is the value of (7 - 2) + (0 - (-15 + 26))?
-6
91 + (-121 - -29) + (2 - (18 + 1))
-18
What is the value of (-7 - (1 + -5)) + (38 - 38)?
-3
(-2 - ((12 - 15) + (1 - -4))) + 8
4
Evaluate (-30 + 21 - -3) + (-12 - 3 - 0).
-21
Evaluate -13 + (7 - -12) - 21.
-15
What is the value of 5 - (1 + -15) - (10 + -4)?
13
What is the value of -4 - ((-1 - -46) + 32 + -44 + 0)?
-37
What is 50 + (2 - 6) - 12?
34
What is the value of (18 - (23 + -8) - 12) + 5?
-4
Evaluate -39 + -9 + -1 + 21 - -2.
-26
What is the value of 15 - (8 + 2 + -3 - (44 - 38))?
14
What is the value of -6 + -6 + 0 + (-48 - -55)?
-5
What is the value of 8 - (-4 + 6 + 0 + 2)?
4
Evaluate -16 + 6 - 2 - -26.
14
(-47 - -46) + 1 + 13
13
-18 + -1 - (-11 + (-6 + 0 - -7))
-9
What is -13 + 0 + (35 - 23) + (-4 - -1)?
-4
What is -6 + (9 - (1 - -9)) + 0?
-7
Evaluate (17 - (4 + 11)) + 1.
3
What is the value of -15 + 13 - -5 - (2 - 0 - 5)?
6
-5 + (22 + 1 - 9)
9
-76 + 91 - (-1 + 5 - -3)
8
What is the value of (-30 + 22 - 13) + 16?
-5
Calculate 30 + -17 - 16 - -18.
15
7 - (-5 + 5 + (-2 - 3))
12
(1 - 2) + 2 + (-10 + 9 - 3)
-3
Calculate -1 - 2 - (-8 + (7 - (4 + 3))).
5
What is -20 - (31 + (-61 - -31))?
-21
Evaluate (-1 - -8) + 12 + -19 + 10.
10
What is the value of 0 - (17 - (5 - 0))?
-12
What is (16 - 0) + (-256 - -248)?
8
Evaluate 15 - (4 + -5 + -15 + 6).
25
Calculate 177 + -188 + -1 + 1 + 6 + -2.
-7
Calculate (-2 - 2) + (-4 + 4 + 20 - 4).
12
What is the value of -5 - -16 - (40 - 31) - 0?
2
What is the value of -5 - (7 + (2 + -9 - -2))?
-7
What is -14 + (2 - -7) + 12?
7
What is (-15 - (-2 - (5 - 5) - -3)) + -9?
-25
Calculate -13 + (-20 - (-84 - -34)).
17
Calculate (-2 - -18) + -117 + 112.
11
Evaluate (-11 - (-21 + 1)) + (-10 + -1 - -2).
0
What is -13 - (-4 + 1 + -6)?
-4
27 + 4 + -18 + 2
15
(164 - 153) + 2 + 1
14
What is the value of 0 + -1 + (-17 - 14) + 27?
-5
6 + 0 + 6 + 1 + 3 + -11
5
(-1 - (-6 + -1)) + -22 + -8 + 22
-2
-23 + 51 - -17 - 12
33
(-2 - -5) + 39 + -57
-15
What is -5 - (2 + -20 + 18)?
-5
-117 - -141 - (-3 - (-3 - -4 - 4))
24
What is the value of (-5 - (-6 + -2)) + -14?
-11
What is the value of (33 - (25 + 2)) + -22?
-16
Evaluate (4 - 21) + 0 - (1 + 2 + -5).
-15
(3 - (6 + 3)) + 0 + -7 + 7
-6
(-2 - (-8 - -3) - 6) + 0 - 2
-5
Calculate -8 + 8 + (-1 - 3) + (-11 - 0).
-15
What is the value of (-2 - -5) + -5 + -2?
-4
What is the value of -20 + 26 - ((-2 - -13) + -1)?
-4
Calculate (-25 - -47) + -2 + -29.
-9
Evaluate 1 - (21 + -13) - -8.
1
What is the value of (-5 - -6) + -25 - (75 + -78)?
-21
Calculate -25 + 7 - (7 + -14).
-11
What is -4 + (-8 + (-7 - -12) - -10)?
3
-7 + 3 - (3 - 10) - 3
0
Calculate 1 - ((8 - (19 + -13)) + 15).
-16
Evaluate 27 + (-31 - -25 - 6).
15
-12 + 36 + -8 - (1 - -18)
-3
What is the value of 10 + 14 + -11 + (16 - 32)?
-3
Evaluate (-1 - 28) + 35 - (2 - -9).
-5
Calculate 10 - 8 - (-2 - -2 - 2).
4
30 - 23 - (-2 + (-1 - -22)) - -7
-5
Calculate (2 - (4 + -3 + (5 - 2))) + -2.
-4
What is -9 - 5 - ((-10 - 5) + 9)?
-8
What is 4 + (8 - 2) - (2 - (-4 - -10))?
14
What is the value of 0 - ((-6 - -4 - -6) + -3 + 2)?
-3
Evaluate -5 + 0 + -1 + (8 - -1).
3
What is 17 - (31 + (-27 - -14))?
-1
What is the value of (2 + (-16 - -6) - -6) + -4?
-6
Evaluate 76 + (7 - 25) + -38.
20
Calculate 0 + 15 + 350 + -344.
21
Evaluate -3 - -2 - (-5 - 0) - (393 + -362).
-27
-2 + (16 - (-16 - -26))
4
Calculate -4 + ((-8 - 2) + 9 - -8).
3
Evaluate -10 - ((11 - 8) + 4 - -6).
-23
Evaluate (-22 - (-35 - 22)) + -56.
-21
-343 + 343 + -1 + 15
14
What is -10 + (12 - 3 - (-7 - -8) - 10)?
-12
Calculate 1 + 5 - (75 + -90).
21
What is -8 + 6 + 1 + -5?
-6
What is 24 + (-9 - 1) + 11?
25
Calculate -40 + 46 + -5 + (31 - (-6 - -2)).
36
-1 - 2 - (-724 + 696)
25
21 + -6 + 2 + -32
-15
135 - 170 - (-43 + -2)
10
What is 0 + -9 + 23 + (10 - 15) - 0?
9
What is the value of 5 + -12 + -15 + 48?
26
Evaluate 2 - ((-43 - -33) + (4 - (-1 - -7))).
14
What is the value of -4 + -6 + (4 + 13 - 11)?
-4
Calculate -3 - (-10 - (9 + 9 + -22)).
3
Calculate (3 - (10 + 0)) + 14.
7
Evaluate 1 + 4 - (-10 + 2) - 15.
-2
-12 - (12 + -15) - -18
9
What is -1 + 3 + 3 + 5 + 15 + -40?
-15
What is the value of 3 - ((-18 - (0 + 14)) + (-2 - -9))?
28
Calculate -10 - (0 - 5 - 3 - -10 - 7).
-5
What is 8 + -1 + 4 - 11?
0
Evaluate -22 + (6 - (5 + -4)) + 11.
-6
Evaluate 4 + (11 - (-6 - -6)) - (3 + -1).
13
What is 13 - (4 - (-9 + 0))?
0
What is the value of (-13 - -28) + (23 + -19 - (0 - -2))?
17
What is the value of 4 - (-5 + 11) - (-2 - 13) - -4?
17
(-22 - 1) + (-763 - -788)
2
What is -3 - (-27 - -30 - (2 - -1))?
-3
What is -1 + 16 - (230 - 229) - -10?
24
Calculate (-59 - 28) + 82 + (35 - 0).
30
8 + -59 + 9 + 18
-24
What is the value of -6 + (0 - 5 - (5 - 12)) + 9?
5
Evaluate -1 + 3 + -12 - 0.
-10
Evaluate -111 - -105 - (-14 + -3).
11
-14 + 22 - 7 - -26
27
What is 24 - (5 - (13 + -14) - 3)?
21
Evaluate 22 - 8 - 26 - ((-4 - 1) + 1).
-8
What is 2 - (-9 - (17 + -14))?
14
What is the value of 2 + (11 - (6 + -2)) + -9 + 15?
15
What is -1 - 3 - (-8 + 2)?
2
What is (-6 + 9 + 6 - (-5 - -8)) + 4?
10
Calculate -8 + (-13 - (-8 - 2)).
-11
Calculate -8 + 5 + 47 - 27.
17
Calculate (-6 - (0 - 12) - (7 - -1)) + -2.
-4
Calculate 0 + 23 - (-861 - -873).
11
What is the value of (13 - 21) + (-2 - -3 - -38) - 11?
20
Calculate -9 + -2 - (-121 - -116).
-6
What is the value of (34 + -8 - 10) + 57 + -37?
36
What is the value of (8 - 16) + 1 + -2 + 14 + -12?
-7
12 - (-13 + 16 + -5) - -5
19
Calculate 7 + 3 + (8 - 13) - 2.
3
What is the value of 0 - -12 - (1 + -1 - (32 + -42))?
2
Evaluate -12 - (-36 + (-27 - -45)).
6
What is (0 - 6) + 4 + 9 - 5?
2
Calculate -10 + 22 + -11 + 6.
7
Evaluate 4 + -16 - -8 - (7 + -5).
-6
Calculate (-29 - (4 + -9)) + 3 + 4 + 2.
-15
0 - (18 - (5 + (-14 - -5)))
-22
Evaluate (-143 - -122) + (-3 - -23).
-1
What is the value of (7 - 17) + 1 - -1 - 4?
-12
Calculate -9 - (9 + 19 + -36 + 20).
-21
What is the value of 7 + -8 + -10 + 9?
-2
-45 - -2 - -21 - (-4 - -1)
-19
Evaluate 112 - 120 - (-25 + 1).
16
27 + (21 - (14 + 25))
9
Calculate (-303 - -285) + (-1 - -15).
-4
What is -538 - -535 - (0 - 19)?
16
What is 1 + (0 - -4) + 6 + -10 + -7?
-6
11 - (-3 + (8 + -3 - (-2 - -4)))
11
Evaluate -135 + 140 + 0 + -17 + -18.
-30
What is 16 + (-19 - -13) + -22?
-12
Evaluate (6 - (7 + 0)) + -8 + (32 - 7).
16
What is 14 - 38 - -25 - (14 + 1)?
-14
Calculate (38 - 54) + (-2 - -27) + 3.
12
Evaluate -10 +